factors of 1080164.
2, 31, 281
List the prime factors of 81963.
3, 7, 1301
What are the prime factors of 4570828?
2, 1142707
List the prime factors of 10777849.
307, 35107
List the prime factors of 8454840.
2, 3, 5, 70457
What are the prime factors of 460374?
2, 3, 277
What are the prime factors of 126726?
2, 3, 21121
List the prime factors of 507369.
3, 53, 3191
List the prime factors of 421589.
7, 229, 263
List the prime factors of 298361.
7, 6089
List the prime factors of 117959.
117959
What are the prime factors of 3165093?
3, 401, 877
What are the prime factors of 124580?
2, 5, 6229
What are the prime factors of 6278766?
2, 3, 13, 101, 797
List the prime factors of 5997172.
2, 839, 1787
What are the prime factors of 10764062?
2, 409, 13159
List the prime factors of 749264.
2, 46829
What are the prime factors of 1022902?
2, 23, 37, 601
List the prime factors of 26096489.
4091, 6379
List the prime factors of 34792201.
71, 490031
List the prime factors of 17949100.
2, 5, 13, 13807
List the prime factors of 5733385.
5, 7, 163811
List the prime factors of 34594444.
2, 47, 184013
What are the prime factors of 7931761?
29, 479, 571
What are the prime factors of 2209656?
2, 3, 23, 4003
What are the prime factors of 1526895?
3, 5, 33931
List the prime factors of 252049.
7, 36007
List the prime factors of 3249919.
3249919
List the prime factors of 9050589.
3, 335207
What are the prime factors of 455885?
5, 73, 1249
What are the prime factors of 1716522?
2, 3, 73, 3919
List the prime factors of 985131.
3, 7, 19, 823
List the prime factors of 1338086.
2, 809, 827
List the prime factors of 577200.
2, 3, 5, 13, 37
What are the prime factors of 14034252?
2, 3, 1169521
List the prime factors of 546396.
2, 3, 45533
List the prime factors of 2157199.
11, 67, 2927
List the prime factors of 228464.
2, 109, 131
What are the prime factors of 124906?
2, 19, 173
What are the prime factors of 10075969?
241, 41809
List the prime factors of 2082376.
2, 131, 1987
What are the prime factors of 9788825?
5, 391553
List the prime factors of 582158.
2, 37, 7867
List the prime factors of 72754.
2, 11, 3307
List the prime factors of 177341.
37, 4793
What are the prime factors of 571411?
241, 2371
List the prime factors of 6375740.
2, 5, 7, 45541
What are the prime factors of 130697?
7, 18671
What are the prime factors of 217179?
3, 59, 409
What are the prime factors of 2019007?
109, 18523
What are the prime factors of 170389?
170389
List the prime factors of 1046273.
19, 53, 1039
What are the prime factors of 9106658?
2, 11, 89, 4651
What are the prime factors of 1647045?
3, 5, 17, 2153
What are the prime factors of 9577381?
11, 73, 11927
What are the prime factors of 20421456?
2, 3, 11, 38677
List the prime factors of 189332.
2, 11, 13, 331
List the prime factors of 2840931.
3, 41, 7699
List the prime factors of 2920385.
5, 13, 179, 251
List the prime factors of 5732644.
2, 31, 83, 557
List the prime factors of 984525.
3, 5, 13127
What are the prime factors of 8054991?
3, 7, 17, 23, 109
What are the prime factors of 899034?
2, 3, 149839
What are the prime factors of 312973?
47, 6659
List the prime factors of 631273.
631273
What are the prime factors of 492736?
2, 7699
What are the prime factors of 205829?
13, 71, 223
List the prime factors of 74901.
3, 24967
What are the prime factors of 112732?
2, 28183
List the prime factors of 6771425.
5, 43, 6299
What are the prime factors of 14484126?
2, 3, 2414021
List the prime factors of 3926864.
2, 17, 14437
What are the prime factors of 1533059?
11, 139369
List the prime factors of 1946191.
13, 23, 283
List the prime factors of 2709364.
2, 7, 96763
List the prime factors of 132447.
3, 7, 17, 53
What are the prime factors of 12055621?
31, 388891
What are the prime factors of 19320842?
2, 9660421
What are the prime factors of 295277?
295277
List the prime factors of 386950.
2, 5, 71, 109
List the prime factors of 18083305.
5, 3616661
What are the prime factors of 2607221?
439, 5939
What are the prime factors of 848819?
233, 3643
List the prime factors of 384321.
3, 7, 18301
List the prime factors of 2656302.
2, 3, 11, 167, 241
What are the prime factors of 2817570?
2, 3, 5, 7, 13417
List the prime factors of 622540.
2, 5, 17, 1831
What are the prime factors of 3381585?
3, 5, 59, 3821
List the prime factors of 216039.
3, 23, 31, 101
List the prime factors of 5211672.
2, 3, 37, 5869
List the prime factors of 33969260.
2, 5, 13, 130651
What are the prime factors of 6226802?
2, 3113401
List the prime factors of 11216706.
2, 3, 1021, 1831
List the prime factors of 235582.
2, 61, 1931
What are the prime factors of 365205?
3, 5, 97, 251
List the prime factors of 10821982.
2, 19, 37, 43, 179
List the prime factors of 1663124.
2, 41, 10141
What are the prime factors of 196324?
2, 49081
List the prime factors of 271040.
2, 5, 7, 11
List the prime factors of 450213.
3, 31, 47, 103
List the prime factors of 2839790.
2, 5, 283979
What are the prime factors of 524322?
2, 3, 29129
What are the prime factors of 339782?
2, 169891
List the prime factors of 6050654.
2, 3025327
List the prime factors of 3650132.
2, 912533
What are the prime factors of 24841?
24841
List the prime factors of 172173.
3, 29, 1979
List the prime factors of 15494.
2, 61, 127
What are the prime factors of 153934?
2, 11, 6997
What are the prime factors of 6685376?
2, 104459
List the prime factors of 1549536.
2, 3, 16141
What are the prime factors of 207542?
2, 41, 2531
List the prime factors of 51967.
157, 331
What are the prime factors of 181793?
107, 1699
List the prime factors of 428824.
2, 11, 443
What are the prime factors of 11580434?
2, 17, 340601
What are the prime factors of 1407416?
2, 23, 7649
What are the prime factors of 1957946?
2, 978973
What are the prime factors of 466401?
3, 13, 11959
What are the prime factors of 3170356?
2, 7, 113227
What are the prime factors of 4123517?
1993, 2069
What are the prime factors of 177360?
2, 3, 5, 739
List the prime factors of 1141812.
2, 3, 7, 23, 197
List the prime factors of 1652956.
2, 41, 10079
List the prime factors of 252776.
2, 19, 1663
What are the prime factors of 17580398?
2, 11, 67, 11927
What are the prime factors of 6518697?
3, 37, 58727
What are the prime factors of 26277?
3, 19, 461
List the prime factors of 217467.
3, 73, 331
What are the prime factors of 40662491?
40662491
What are the prime factors of 339001?
13, 89, 293
List the prime factors of 34456718.
2, 17228359
What are the prime factors of 1997901?
3, 221989
What are the prime factors of 7392015?
3, 5, 164267
What are the prime factors of 600332?
2, 150083
What are the prime factors of 2830211?
17, 229, 727
What are the prime factors of 3800535?
3, 5, 253369
What are the prime factors of 699625?
5, 29, 193
List the prime factors of 22307.
22307
List the prime factors of 240042.
2, 3, 11, 3637
List the prime factors of 248793.
3, 127, 653
List the prime factors of 151964.
2, 37991
List the prime factors of 120952.
2, 13, 1163
List the prime factors of 1844002.
2, 23, 40087
List the prime factors of 717575.
5, 28703
What are the prime factors of 1177308?
2, 3, 11, 991
What are the prime factors of 7139985?
3, 5, 367, 1297
What are the prime factors of 1732?
2, 433
What are the prime factors of 22472235?
3, 5, 55487
What are the prime factors of 503210?
2, 5, 50321
What are the prime factors of 149896?
2, 41, 457
What are the prime factors of 12333469?
37, 333337
List the prime factors of 1153486.
2, 576743
What are the prime factors of 434859?
3, 43, 3371
What are the prime factors of 15017065?
5, 7, 503, 853
List the prime factors of 2021960.
2, 5, 50549
What are the prime factors of 324560?
2, 5, 4057
What are the prime factors of 5968354?
2, 7, 426311
List the prime factors of 483277.
43, 11239
List the prime factors of 17207994.
2, 3, 97, 29567
List the prime factors of 14272678.
2, 7, 47, 109, 199
What are the prime factors of 1464498?
2, 3, 7, 59, 197
What are the prime factors of 1997932?
2, 499483
List the prime factors of 6642214.
2, 3321107
What are the prime factors of 489030?
2, 3, 5, 16301
List the prime factors of 933355.
5, 186671
What are the prime factors of 544134?
2, 3, 23, 3943
What are the prime factors of 3051849?
3, 79, 1